{"id":148,"date":"2021-04-26T13:17:22","date_gmt":"2021-04-26T11:17:22","guid":{"rendered":"http:\/\/koloip.pk.edu.pl\/?page_id=148"},"modified":"2026-01-16T07:41:14","modified_gmt":"2026-01-16T06:41:14","slug":"zarzadzanie-innowacjami-i-systemy-jakosci","status":"publish","type":"page","link":"https:\/\/koloip.pk.edu.pl\/?page_id=148","title":{"rendered":"Zarz\u0105dzanie Innowacjami i Systemy Jako\u015bci"},"content":{"rendered":"\n<figure class=\"wp-block-image size-large\"><img loading=\"lazy\" decoding=\"async\" width=\"799\" height=\"533\" src=\"https:\/\/koloip.pk.edu.pl\/wp-content\/uploads\/2021\/04\/Do-opisu-sekcji-Zarzadzanie-Innowacjami-i-SJ.jpg\" alt=\"\" class=\"wp-image-187\" srcset=\"https:\/\/koloip.pk.edu.pl\/wp-content\/uploads\/2021\/04\/Do-opisu-sekcji-Zarzadzanie-Innowacjami-i-SJ.jpg 799w, https:\/\/koloip.pk.edu.pl\/wp-content\/uploads\/2021\/04\/Do-opisu-sekcji-Zarzadzanie-Innowacjami-i-SJ-300x200.jpg 300w, https:\/\/koloip.pk.edu.pl\/wp-content\/uploads\/2021\/04\/Do-opisu-sekcji-Zarzadzanie-Innowacjami-i-SJ-768x512.jpg 768w\" sizes=\"auto, (max-width: 799px) 100vw, 799px\" \/><\/figure>\n\n\n\n<p>Sekcja Zarz\u0105dzania Innowacjami i Systemy Jako\u015bci powsta\u0142a w listopadzie 2019 roku z inicjatywy nowego opiekuna naukowego Ko\u0142a In\u017cynierii Produkcji.<\/p>\n\n\n\n<p><strong>Celem dzia\u0142ania sekcji jest<\/strong>:<\/p>\n\n\n\n<ul class=\"wp-block-list\">\n<li>rozwijanie i propagowanie wiedzy z zakresu zarz\u0105dzania przedsi\u0119biorstwem ze szczeg\u00f3lnym uwzgl\u0119dnieniem: zarz\u0105dzania innowacjami, system\u00f3w jako\u015bci, ochrony w\u0142asno\u015bci intelektualnej, komercjalizacji oraz transferu technologii,<\/li>\n\n\n\n<li>popularyzacja indywidualnych osi\u0105gni\u0119\u0107 i realizowanych projekt\u00f3w,<\/li>\n\n\n\n<li>regularne spotkania cz\u0142onk\u00f3w sekcji,<\/li>\n\n\n\n<li>wsp\u00f3\u0142praca z ekspertami, przedsi\u0119biorcami, organizacjami krajowymi i zagranicznymi,<\/li>\n\n\n\n<li>organizacja szkole\u0144, warsztat\u00f3w oraz wyjazd\u00f3w naukowo-technicznych dla cz\u0142onk\u00f3w sekcji,<\/li>\n\n\n\n<li>czynny udzia\u0142 w konferencjach naukowych przeznaczonych dla m\u0142odych naukowc\u00f3w,<\/li>\n\n\n\n<li>dzielenie si\u0119 efektami pracy w ramach uczelnianej sesji k\u00f3\u0142 naukowych (USKN).<\/li>\n<\/ul>\n\n\n\n<p>Cz\u0142onkiem sekcji mo\u017ce by\u0107 ka\u017cdy student Politechniki Krakowskiej, zainteresowany tematyk\u0105 ko\u0142a. Nie ma znaczenia studiowany kierunek, czy etap studi\u00f3w. Liczy si\u0119 ch\u0119\u0107 zdobycia wiedzy, faktyczne zainteresowanie nasz\u0105 dzia\u0142alno\u015bci\u0105, aktywne uczestniczenie w pracach i spotkaniach.<\/p>\n\n\n\n<p>Na spotkania zapraszamy wszystkie osoby spoza Ko\u0142a, zainteresowane do\u0142\u0105czeniem do naszej sekcji.<\/p>\n\n\n\n<h3 class=\"wp-block-heading has-text-align-center has-text-color has-background\" style=\"color:#cd6700;background-color:#d4d4d4\"><strong><strong>W roku akademickim 2025\/2026 <\/strong><\/strong><br><strong><strong>Sekcja Zarz\u0105dzania Innowacjami i Systemy Jako\u015bci <\/strong><\/strong><br><strong><strong>spotyka si\u0119\u00a0w nieparzyste poniedzia\u0142ki <\/strong><\/strong><br><strong><strong>w Przystani PK (C216) o 11:00 <\/strong><\/strong><br><strong><strong>na Wydziale\u00a0Mechanicznym PK.<\/strong> <\/strong><\/h3>\n\n\n\n<h3 class=\"wp-block-heading has-text-align-center has-text-color\" style=\"color:#e77200\"><strong>Zainteresowanych do\u0142\u0105czeniem do sekcji <\/strong><br><strong>zapraszamy do kontaktu z opiekunem sekcji i\/lub Zarz\u0105dem<\/strong><\/h3>\n\n\n\n<h4 class=\"wp-block-heading\">Opiekun sekcji ZARZ\u0104DZANIE INNOWACJAMI I SYSTEMY JAKO\u015aCI:<\/h4>\n\n\n\n<h4 class=\"wp-block-heading\">dr in\u017c. Sabina Motyka<\/h4>\n\n\n\n<h4 class=\"wp-block-heading\">pok\u00f3j C205a<\/h4>\n\n\n\n<h4 class=\"wp-block-heading\">tel. 012&nbsp;374 32 68<\/h4>\n\n\n\n<h4 class=\"wp-block-heading\">e-mail: <a href=\"mailto:sabina.motyka@pk.edu.pl\">sabina.motyka@pk.edu.pl<\/a><\/h4>\n\n\n\n<h4 class=\"wp-block-heading\">Komunikacja: MS Teams<\/h4>\n\n\n\n<ul class=\"wp-block-social-links has-large-icon-size is-style-pill-shape is-layout-flex wp-block-social-links-is-layout-flex\"><li class=\"wp-social-link wp-social-link-facebook  wp-block-social-link\"><a href=\"https:\/\/www.facebook.com\/Sekcja-zarz%C4%85dzania-innowacjami-i-system%C3%B3w-jako%C5%9Bci-101549768421098\" class=\"wp-block-social-link-anchor\"><svg width=\"24\" height=\"24\" viewBox=\"0 0 24 24\" version=\"1.1\" xmlns=\"http:\/\/www.w3.org\/2000\/svg\" aria-hidden=\"true\" focusable=\"false\"><path d=\"M12 2C6.5 2 2 6.5 2 12c0 5 3.7 9.1 8.4 9.9v-7H7.9V12h2.5V9.8c0-2.5 1.5-3.9 3.8-3.9 1.1 0 2.2.2 2.2.2v2.5h-1.3c-1.2 0-1.6.8-1.6 1.6V12h2.8l-.4 2.9h-2.3v7C18.3 21.1 22 17 22 12c0-5.5-4.5-10-10-10z\"><\/path><\/svg><span class=\"wp-block-social-link-label screen-reader-text\">Facebook<\/span><\/a><\/li><\/ul>\n","protected":false},"excerpt":{"rendered":"<p>Sekcja Zarz\u0105dzania Innowacjami i Systemy Jako\u015bci powsta\u0142a w listopadzie 2019 roku z inicjatywy nowego opiekuna naukowego Ko\u0142a In\u017cynierii Produkcji. Celem dzia\u0142ania sekcji jest: Cz\u0142onkiem sekcji mo\u017ce by\u0107 ka\u017cdy student Politechniki Krakowskiej, zainteresowany tematyk\u0105 ko\u0142a. Nie ma znaczenia studiowany kierunek, czy etap studi\u00f3w. Liczy si\u0119 ch\u0119\u0107 zdobycia wiedzy, faktyczne zainteresowanie nasz\u0105 dzia\u0142alno\u015bci\u0105, aktywne uczestniczenie w pracach&hellip;&nbsp;<a href=\"https:\/\/koloip.pk.edu.pl\/?page_id=148\" rel=\"bookmark\">Dowiedz si\u0119 wi\u0119cej &raquo;<span class=\"screen-reader-text\">Zarz\u0105dzanie Innowacjami i Systemy Jako\u015bci<\/span><\/a><\/p>\n","protected":false},"author":1,"featured_media":0,"parent":150,"menu_order":0,"comment_status":"closed","ping_status":"closed","template":"","meta":{"neve_meta_sidebar":"","neve_meta_container":"","neve_meta_enable_content_width":"","neve_meta_content_width":0,"neve_meta_title_alignment":"","neve_meta_author_avatar":"","neve_post_elements_order":"","neve_meta_disable_header":"","neve_meta_disable_footer":"","neve_meta_disable_title":"","_themeisle_gutenberg_block_has_review":false,"footnotes":""},"class_list":["post-148","page","type-page","status-publish","hentry"],"_links":{"self":[{"href":"https:\/\/koloip.pk.edu.pl\/index.php?rest_route=\/wp\/v2\/pages\/148","targetHints":{"allow":["GET"]}}],"collection":[{"href":"https:\/\/koloip.pk.edu.pl\/index.php?rest_route=\/wp\/v2\/pages"}],"about":[{"href":"https:\/\/koloip.pk.edu.pl\/index.php?rest_route=\/wp\/v2\/types\/page"}],"author":[{"embeddable":true,"href":"https:\/\/koloip.pk.edu.pl\/index.php?rest_route=\/wp\/v2\/users\/1"}],"replies":[{"embeddable":true,"href":"https:\/\/koloip.pk.edu.pl\/index.php?rest_route=%2Fwp%2Fv2%2Fcomments&post=148"}],"version-history":[{"count":0,"href":"https:\/\/koloip.pk.edu.pl\/index.php?rest_route=\/wp\/v2\/pages\/148\/revisions"}],"up":[{"embeddable":true,"href":"https:\/\/koloip.pk.edu.pl\/index.php?rest_route=\/wp\/v2\/pages\/150"}],"wp:attachment":[{"href":"https:\/\/koloip.pk.edu.pl\/index.php?rest_route=%2Fwp%2Fv2%2Fmedia&parent=148"}],"curies":[{"name":"wp","href":"https:\/\/api.w.org\/{rel}","templated":true}]}}