{"id":157,"date":"2021-04-26T13:33:38","date_gmt":"2021-04-26T11:33:38","guid":{"rendered":"http:\/\/koloip.pk.edu.pl\/?page_id=157"},"modified":"2025-10-22T09:27:18","modified_gmt":"2025-10-22T07:27:18","slug":"o-kole","status":"publish","type":"page","link":"https:\/\/koloip.pk.edu.pl\/?page_id=157","title":{"rendered":"O Kole"},"content":{"rendered":"\n<h5 class=\"wp-block-heading\">Ko\u0142o Naukowe In\u017cynierii Produkcji dzia\u0142a przy <a href=\"https:\/\/m6.pk.edu.pl\/\">Katedrze In\u017cynierii i Automatyzacji Produkcji M-06<\/a> na Wydziale Mechanicznym Politechniki Krakowskiej. <br>KIiAP prowadzi dwa kierunki kszta\u0142cenia: <a href=\"https:\/\/ip.pk.edu.pl\/\">In\u017cynieri\u0119 Produkcji <\/a> oraz <a href=\"https:\/\/air.pk.edu.pl\/\">Automatyk\u0119 i Robotyk\u0119<\/a>.<\/h5>\n\n\n\n<p>Dzia\u0142alno\u015b\u0107 Ko\u0142a Naukowego In\u017cynierii Produkcji skupia si\u0119 na rozwijaniu, pog\u0142\u0119bianiu i propagowaniu wiedzy z zakresu In\u017cynierii Produkcji poprzez:<\/p>\n\n\n\n<ul class=\"wp-block-list\">\n<li>popularyzacj\u0119 indywidualnych osi\u0105gni\u0119\u0107 i realizowanych projekt\u00f3w;<\/li>\n\n\n\n<li>wsp\u00f3\u0142prac\u0119 z instytutami, organizacjami oraz firmami krajowymi i zagranicznymi;<\/li>\n\n\n\n<li>organizacj\u0119 szkole\u0144, warsztat\u00f3w oraz wyjazd\u00f3w naukowo-technicznych;<\/li>\n\n\n\n<li>udzia\u0142 w konferencjach naukowych i Uczelnianej Sesji K\u00f3\u0142 Naukowych.<\/li>\n<\/ul>\n\n\n\n<h4 class=\"wp-block-heading\">W ramach Ko\u0142a IP dzia\u0142aj\u0105 dwie sekcje tematyczne:<\/h4>\n\n\n\n<ul class=\"wp-block-list\">\n<li><strong>Zarz\u0105dzanie Innowacjami i Systemy Jako\u015bci<\/strong><\/li>\n\n\n\n<li><strong>In\u017cynieria Wytwarzania<\/strong><\/li>\n<\/ul>\n\n\n\n<h4 class=\"wp-block-heading\"><strong>W Zarz\u0105dzie Ko\u0142a IP zasiadaj\u0105:<\/strong><\/h4>\n\n\n\n<p><strong>Przewodnicz\u0105ca: Paulina Kasprzyk<\/strong><\/p>\n\n\n\n<p><strong>Zast\u0119pca Przewodnicz\u0105cej: Patrycja Janus<\/strong><\/p>\n\n\n\n<p><strong>Sekretarz: Filip Koba<\/strong><\/p>\n\n\n\n<p><strong>Cz\u0142onek zarz\u0105du I: Jakub M\u0142ynarczyk<\/strong><\/p>\n\n\n\n<p><strong>Opiekunem naukowym ko\u0142a IP jest dr in\u017c. Sabina Motyka<\/strong><\/p>\n\n\n\n<h1 class=\"wp-block-heading has-text-align-center animated bounceIn has-neve-link-color-color has-text-color\"><strong>REKTRUTACJA<\/strong><\/h1>\n\n\n\n<h4 class=\"wp-block-heading has-text-align-left animated fadeIn has-text-color\" style=\"color:#e77200\"><strong><em>Je\u015bli jeste\u015b zainteresowany dzia\u0142alno\u015bci\u0105 w sekcji <\/em><\/strong><strong><em>skontaktuj si\u0119 z jej opiekunem.<\/em><\/strong><\/h4>\n\n\n\n<h4 class=\"wp-block-heading has-text-align-left animated fadeIn has-text-color\" style=\"color:#e77200\"><strong><em>Je\u015bli chcesz do\u0142\u0105czy\u0107 do ko\u0142a In\u017cynierii Produkcji <\/em><\/strong><strong><em>zapoznaj si\u0119 z naszym regulaminem<\/em><\/strong> <strong><em>i skontaktuj z opiekunem ko\u0142a i Zarz\u0105dem ko\u0142a IP.<\/em><\/strong><\/h4>\n\n\n\n<p><\/p>\n\n\n\n<h4 class=\"wp-block-heading\"><a href=\"https:\/\/koloip.pk.edu.pl\/wp-content\/uploads\/2024\/02\/Regulamin_KN_Inzynierii_Produkcji_24.pdf\">Regulamin Ko\u0142a Naukowego In\u017cynierii Produkcji (pdf)<\/a><\/h4>\n","protected":false},"excerpt":{"rendered":"<p>Ko\u0142o Naukowe In\u017cynierii Produkcji dzia\u0142a przy Katedrze In\u017cynierii i Automatyzacji Produkcji M-06 na Wydziale Mechanicznym Politechniki Krakowskiej. KIiAP prowadzi dwa kierunki kszta\u0142cenia: In\u017cynieri\u0119 Produkcji oraz Automatyk\u0119 i Robotyk\u0119. Dzia\u0142alno\u015b\u0107 Ko\u0142a Naukowego In\u017cynierii Produkcji skupia si\u0119 na rozwijaniu, pog\u0142\u0119bianiu i propagowaniu wiedzy z zakresu In\u017cynierii Produkcji poprzez: W ramach Ko\u0142a IP dzia\u0142aj\u0105 dwie sekcje tematyczne: W&hellip;&nbsp;<a href=\"https:\/\/koloip.pk.edu.pl\/?page_id=157\" rel=\"bookmark\">Dowiedz si\u0119 wi\u0119cej &raquo;<span class=\"screen-reader-text\">O Kole<\/span><\/a><\/p>\n","protected":false},"author":1,"featured_media":0,"parent":0,"menu_order":0,"comment_status":"closed","ping_status":"closed","template":"","meta":{"neve_meta_sidebar":"","neve_meta_container":"","neve_meta_enable_content_width":"","neve_meta_content_width":0,"neve_meta_title_alignment":"","neve_meta_author_avatar":"","neve_post_elements_order":"","neve_meta_disable_header":"","neve_meta_disable_footer":"","neve_meta_disable_title":"","_themeisle_gutenberg_block_has_review":false,"footnotes":""},"class_list":["post-157","page","type-page","status-publish","hentry"],"_links":{"self":[{"href":"https:\/\/koloip.pk.edu.pl\/index.php?rest_route=\/wp\/v2\/pages\/157","targetHints":{"allow":["GET"]}}],"collection":[{"href":"https:\/\/koloip.pk.edu.pl\/index.php?rest_route=\/wp\/v2\/pages"}],"about":[{"href":"https:\/\/koloip.pk.edu.pl\/index.php?rest_route=\/wp\/v2\/types\/page"}],"author":[{"embeddable":true,"href":"https:\/\/koloip.pk.edu.pl\/index.php?rest_route=\/wp\/v2\/users\/1"}],"replies":[{"embeddable":true,"href":"https:\/\/koloip.pk.edu.pl\/index.php?rest_route=%2Fwp%2Fv2%2Fcomments&post=157"}],"version-history":[{"count":0,"href":"https:\/\/koloip.pk.edu.pl\/index.php?rest_route=\/wp\/v2\/pages\/157\/revisions"}],"wp:attachment":[{"href":"https:\/\/koloip.pk.edu.pl\/index.php?rest_route=%2Fwp%2Fv2%2Fmedia&parent=157"}],"curies":[{"name":"wp","href":"https:\/\/api.w.org\/{rel}","templated":true}]}}