{"id":171,"date":"2021-04-26T14:01:22","date_gmt":"2021-04-26T12:01:22","guid":{"rendered":"http:\/\/koloip.pk.edu.pl\/?page_id=171"},"modified":"2021-04-26T14:01:22","modified_gmt":"2021-04-26T12:01:22","slug":"kontakt","status":"publish","type":"page","link":"https:\/\/koloip.pk.edu.pl\/?page_id=171","title":{"rendered":"Kontakt"},"content":{"rendered":"\n<h4 class=\"has-text-align-center wp-block-heading\">Ko\u0142o Naukowe In\u017cynierii Produkcji <br>przy Katedrze In\u017cynierii i Automatyzacji Produkcji<\/h4>\n\n\n\n<h4 class=\"has-text-align-center wp-block-heading\">Al. Jana Paw\u0142a II 37<\/h4>\n\n\n\n<h4 class=\"has-text-align-center wp-block-heading\">31-864 Krak\u00f3w<\/h4>\n\n\n\n<h4 class=\"has-text-align-center wp-block-heading\">Kontakt z zarz\u0105dem ko\u0142a IP: <br><a href=\"mailto:zarzadkolaip@gmail.com\">zarzadkolaip@gmail.com<\/a><\/h4>\n\n\n\n<h4 class=\"has-text-align-center wp-block-heading\">Kontakt z opiekunem Ko\u0142a IP: <br><a href=\"mailto:sabina.motyka@pk.edu.pl\">sabina.motyka@pk.edu.pl<\/a><\/h4>\n\n\n\n<p><\/p>\n","protected":false},"excerpt":{"rendered":"<p>Ko\u0142o Naukowe In\u017cynierii Produkcji przy Katedrze In\u017cynierii i Automatyzacji Produkcji Al. Jana Paw\u0142a II 37 31-864 Krak\u00f3w Kontakt z zarz\u0105dem ko\u0142a IP: zarzadkolaip@gmail.com Kontakt z opiekunem Ko\u0142a IP: sabina.motyka@pk.edu.pl<\/p>\n","protected":false},"author":1,"featured_media":0,"parent":0,"menu_order":0,"comment_status":"closed","ping_status":"closed","template":"","meta":{"neve_meta_sidebar":"","neve_meta_container":"","neve_meta_enable_content_width":"","neve_meta_content_width":0,"neve_meta_title_alignment":"","neve_meta_author_avatar":"","neve_post_elements_order":"","neve_meta_disable_header":"","neve_meta_disable_footer":"","neve_meta_disable_title":"","_themeisle_gutenberg_block_has_review":false,"footnotes":""},"class_list":["post-171","page","type-page","status-publish","hentry"],"_links":{"self":[{"href":"https:\/\/koloip.pk.edu.pl\/index.php?rest_route=\/wp\/v2\/pages\/171","targetHints":{"allow":["GET"]}}],"collection":[{"href":"https:\/\/koloip.pk.edu.pl\/index.php?rest_route=\/wp\/v2\/pages"}],"about":[{"href":"https:\/\/koloip.pk.edu.pl\/index.php?rest_route=\/wp\/v2\/types\/page"}],"author":[{"embeddable":true,"href":"https:\/\/koloip.pk.edu.pl\/index.php?rest_route=\/wp\/v2\/users\/1"}],"replies":[{"embeddable":true,"href":"https:\/\/koloip.pk.edu.pl\/index.php?rest_route=%2Fwp%2Fv2%2Fcomments&post=171"}],"version-history":[{"count":0,"href":"https:\/\/koloip.pk.edu.pl\/index.php?rest_route=\/wp\/v2\/pages\/171\/revisions"}],"wp:attachment":[{"href":"https:\/\/koloip.pk.edu.pl\/index.php?rest_route=%2Fwp%2Fv2%2Fmedia&parent=171"}],"curies":[{"name":"wp","href":"https:\/\/api.w.org\/{rel}","templated":true}]}}